 4*r + 175. Let i(t) = 4*m(t) + 9*v(t). What is the hundreds digit of i(0)?
1
Let h(o) = -o. Let l(j) = 1. Let c(w) = -h(w) + 3*l(w). Let s be c(2). What is the tens digit of -6*(s + 2)*-1?
4
Suppose -1103 = 13*f - 8318. What is the tens digit of f?
5
Suppose 0 = p - 4. Let k be (0 - -1)*(6 - p). What is the units digit of (k/6)/(8/504)?
1
What is the units digit of (-12)/(-114) - (-10160)/(-76)*-13?
8
Let t(p) = p**3 - 3*p**2 + 1. Let u be t(2). Let l = -3 - u. Suppose l*o + 2*o = 2. What is the units digit of o?
1
Let i be (13/26)/(1/(-2)). Let l = -1 - i. Suppose -14*j + 13*j + 35 = l. What is the tens digit of j?
3
Let g(t) = 2*t + 2. Let h be g(-1). Let f be 2 - ((0 - 0) + h). What is the units digit of f/2 + 4 + 1?
6
Let n(d) = 80*d**2. Let t be n(-2). Suppose -t + 35 = -5*j. What is the tens digit of j?
5
Let g(n) = -2*n - 7. Let p be g(-3). Let q = 21 - p. What is the units digit of q?
2
Let t(h) = 3*h**3 + 11*h**2 - 13*h + 15. What is the units digit of t(9)?
6
What is the thousands digit of 307636/168 + ((-22)/(-12) - 2)?
1
Let a = -140 + 327. What is the hundreds digit of a?
1
Suppose -10691 = -5*y - 3*c, -c = 3 - 5. What is the tens digit of y?
3
Suppose -2*g + 14 = 2*b, 5*g - 7 = b + b. Let x(f) = 23*f - 5. What is the units digit of x(b)?
7
Suppose 0 = 16*f - 21*f + 135. Suppose 0 = b + a + 9, -3*a = -5*b + a - 36. Let c = b + f. What is the tens digit of c?
1
Suppose 0 = 5*v - 15, h = -3*v - 2*v + 2417. What is the tens digit of h?
0
Let f = 1 - -3. Suppose -g - 4*g + 567 = 4*u, -f*g = 5*u - 459. Let s = -60 + g. What is the units digit of s?
1
Suppose -2*z - 4*z - 258 = 0. Let m = z - -238. What is the tens digit of m?
9
Let x(h) = -h**2 - 5*h + 5. Let q be x(-5). Suppose 0*a = q*z - 5*a + 5, 2*z = a - 4. What is the units digit of 25 - 4*z/(-6)?
3
Suppose 0 = 3*y - y - 4*c - 1162, 3*c = -4*y + 2357. What is the tens digit of y?
8
Let v = 258 + 171. What is the hundreds digit of v?
4
Suppose 4*t - 5*o = -60, 3*o + 45 = -3*t - o. Let d = 10 + t. What is the tens digit of (-4)/d + (-2560)/(-50)?
5
Let k(u) = u**3 - 8*u**2 + 16*u + 16. Let c(l) = -2*l**3 + 24*l**2 - 49*l - 48. Let q(n) = -3*c(n) - 8*k(n). What is the hundreds digit of q(-7)?
1
Suppose -3*x = z + 131, -x - 3*x + 2*z = 158. Let t = x + 81. Suppose 4*a - d = t, -3*d - 34 = -4*a - d. What is the units digit of a?
1
Suppose -4*q + 6 = 3*o + q, -10 = -5*o + 2*q. Suppose 0 = -6*g + g + 2*j + 75, -o*g - 5*j + 59 = 0. What is the units digit of g?
7
Let k = 360 + -317. What is the tens digit of k?
4
Suppose 7*s = 6*s + 864. What is the tens digit of s?
6
Let l(t) = t**2 - 14*t + 38. Suppose -3*k - 3*q + 75 = 0, -2*k + 2*q + 35 = q. What is the units digit of l(k)?
8
Suppose -1539 = -34*u + 7*u. What is the units digit of u?
7
Let z = 7 + 19. Let f(w) = 2*w**2 - w - 13. Let j be f(-5). Let y = j - z. What is the tens digit of y?
1
Let k be -112*5/20*-3. Let i = 8 - 3. Suppose k = -n + i*n. What is the units digit of n?
1
Let j(d) = d**3 - 13*d**2 + 8*d - 18. Let m be j(11). Let a = m + 273. What is the hundreds digit of a?
1
Let w(d) = d**3 + 7*d**2 - d + 5. Suppose 9*z = 4*z - 35. Let n be w(z). What is the units digit of -4*2/n*-9?
6
Suppose p + 0*p + k = -151, -453 = 3*p - 4*k. Let t = p + 314. What is the tens digit of t?
6
Let s(f) = f**3 + 3*f**2 - 4*f + 5. Let v be s(-4). Suppose 59 = v*j - 16. What is the units digit of j?
5
Let h(n) = 254*n**2 + 5*n + 5. What is the units digit of h(-1)?
4
Let q(y) = 44*y**3 - 9*y**2 + 29*y - 46. What is the tens digit of q(5)?
7
Suppose 12 + 10 = -11*l. What is the hundreds digit of (-3)/(-6)*(-404)/l?
1
Let l = 11328 + -7764. What is the tens digit of l?
6
Suppose 0 = -3*c - 0 + 42. Let t = c + -11. Suppose t*r - 6 = 21. What is the units digit of r?
9
Let g = -1157 - -1242. Let l be (-3 + (-2)/2)/(-1). Suppose 5*i = 4*m + g, l*m = i - 5*i + 68. What is the units digit of i?
7
What is the hundreds digit of 0 + 1167 - (-16)/(-2)?
1
Let c be ((-274)/8)/(5/(-20)). Let t = c - 52. What is the tens digit of t?
8
Suppose f = 5*a + 9 - 901, -2*f = -4*a + 716. Suppose -10*s - a + 898 = 0. What is the tens digit of s?
7
Let q(p) = -1065*p + 56. What is the thousands digit of q(-1)?
1
Let o = -15 + 20. What is the units digit of o/(((-16)/(-116))/4)?
5
Let o(h) = -h**2 + 47*h + 64. What is the units digit of o(29)?
6
Let b(z) be the third derivative of z**6/360 - z**5/60 - z**4/6 + z**3/6 + 7*z**2. Let g(m) be the first derivative of b(m). What is the units digit of g(4)?
4
Let x(r) = r**3 - 9*r**2 + 16*r - 7. Let q be x(7). Suppose -533 + 1737 = q*d. What is the tens digit of d?
7
Let w(h) = 69*h**2 - h - 4. Let b(x) = 35*x**2 - x - 2. Let d(a) = -5*b(a) + 3*w(a). What is the units digit of d(1)?
2
Let i be (2/(-6))/(4/(-72)). Let n(s) = 2*s**2 - 4*s + 12. What is the units digit of n(i)?
0
Let s(c) = -70*c**3 + 7*c + 10. What is the tens digit of s(-3)?
7
Suppose 8 = -v + 3*z, -5*v - z + 11 = z. What is the units digit of 83 - 4/v - 4?
5
Suppose 4*y - 22 = 3*y. Suppose -3*p + 3*m = -m - y, -5*m = 4*p + 12. Suppose z + p*z = j + 54, 18 = z - 2*j. What is the tens digit of z?
1
Let a = 50 - 29. Let t be 54*(-3 + 33/9). Let f = t - a. What is the units digit of f?
5
Let i be (3/2)/((-1)/(-2)). Let w = 5 - i. Suppose w*c = 6*c - 20. What is the units digit of c?
5
Let d(w) = 3*w**2 - 6 + 3 - w**2 + 16 + 19*w. Let o be d(-12). Suppose -o = -4*m - 17. What is the tens digit of m?
1
Suppose 226*o - 218*o = 15424. What is the tens digit of o?
2
Suppose 0 = -4*l, -18*l = -4*u - 13*l + 3540. What is the tens digit of u?
8
Suppose 1514 = 5*o - 2226. What is the hundreds digit of o?
7
Suppose 28428 = 27*g - 44283. What is the units digit of g?
3
Suppose 0 = 7*n - 11*n + s + 8379, 0 = -4*n - 4*s + 8364. What is the units digit of n?
4
Let g(v) be the second derivative of v**5/20 - 7*v**4/4 + 3*v**3/2 + 5*v**2 + 2*v + 17. What is the tens digit of g(21)?
9
Let q = 10 - 20. Let s be ((-195)/(-25))/(2/q). Let t = -6 - s. What is the tens digit of t?
3
Let p = -8 + 11. Suppose 0 = p*x - 2*x + 195. What is the tens digit of 26/x + 2134/30?
7
Suppose 3*f - 6*f = o - 1735, -5*f = -2*o + 3437. What is the thousands digit of o?
1
Suppose 0 = o - 3 + 5. Let d = o + 0. Let j = 3 - d. What is the units digit of j?
5
Suppose 561 = 6*x - 645. What is the hundreds digit of x?
2
Suppose u = a + 3326, 0 = -5*u + 3*u - a + 6640. What is the tens digit of u?
2
Suppose -5*k + 26 = -1289. Suppose -2*m + 0*a - 3*a + 175 = 0, -3*m - 5*a + k = 0. What is the tens digit of m?
8
Let b(g) be the second derivative of -65*g**3/6 - 17*g. What is the units digit of b(-1)?
5
Suppose -p = 4*x + 38, -5*p - 126 = 3*x - 21. What is the tens digit of 3/((-223)/1125 - p/81)?
2
Suppose -p - 199 = -2*p - x, 0 = -p - 5*x + 187. Let i = p - 84. What is the units digit of i?
8
Let a(y) = -y + 9. Let t be a(7). Suppose 4*s - 18 + t = 0, -2*s = 2*d - 18. Suppose 101 - 456 = -d*r. What is the units digit of r?
1
Suppose 2*a + 5*w = 45, -w = 2*w + 3. Suppose -2*y = -7*y + a, -y = -4*p + 227. What is the tens digit of p?
5
Let m be (-2 - 12/(-3))/(3/(-6)). Let f = m - -85. What is the tens digit of f?
8
Suppose -u - 4 = -4*t, -7*u - t + 22 = -2*u. Let n be (3/(-4) + 2)*u. Let l = n + 3. What is the units digit of l?
8
Let u = 295 + 229. What is the tens digit of u?
2
What is the units digit of (-187502)/(-295) + 4/10?
6
Let g = 57 - 48. Let o(d) = d + 16. What is the tens digit of o(g)?
2
Let d(r) = r - 9. Let j be (4/(-3) - 0)*-6. Let t be d(j). Let o(v) = 13*v**2 + v. What is the units digit of o(t)?
2
Let m be -1 - 2/(-4)*6. Suppose -2*q - 8 = m*q. Let t = -1 - q. What is the units digit of t?
1
Suppose 45864 = -34*y + 86*y. What is the hundreds digit of y?
8
Suppose 32655 = -7*t + 14*t. What is the tens digit of t?
6
Let o be (14/3)/(-7) + (-681)/(-9). Let u(p) = p + 10. Let f be u(-5). Suppose -f*v + 175 + o = 0. What is the units digit of v?
0
Let t = 12321 + -8492. What is the units digit of t?
9
What is the tens digit of ((-9)/18)/(3/(-1452))?
4
Suppose -19*u + 98 = -17*u. What is the tens digit of u - 3*(-8)/(-6)?
4
Let o(m) = -15 - 5*m - 8*m + 16*m - 9*m. Let y be o(-8). Let s = y + 11. What is the tens digit of s?
4
Let j be (2 - 4/2) + 8. Let y = j + -6. Suppose 31 = 2*u + 5*a, -y